Let f = -40 + y. List the prime factors of ((-12)/f)/(12/738).
2, 41
Suppose 31*s - 39*s + 24 = 0. Suppose -s*u + 214 + 190 = -5*n, -4*u + 492 = 5*n. What are the prime factors of u?
2
Let j(x) = x**2 + x + 5. Let k be j(0). What are the prime factors of k - 4 - ((-1 - 366) + 4)?
2, 7, 13
Let s(a) = 17*a + 8. Let d be s(5). Suppose 199 = 4*y - 3*f, 0 = -4*y - 3*f - f + 164. Let r = d + y. List the prime factors of r.
139
Suppose 4*g = 3*w + 117, 0 = -6*g + 2*g - 2*w + 122. Suppose g = 8*j + 14. Suppose x + 5*i - 54 = 0, -j*x + 2*i - 39 = -3*x. What are the prime factors of x?
29
Let r(l) be the third derivative of l**6/120 - 3*l**5/20 - 3*l**4/8 + l**3 - 4*l**2. Let p be ((-253)/46)/(2/(-4)). List the prime factors of r(p).
149
Let i be ((-126)/24)/7 + (-1430)/(-8). Let f = -122 + i. What are the prime factors of 271/4 - 42/f?
67
Let p = -1153 + 2301. What are the prime factors of p?
2, 7, 41
Let h be -5 + 2 + 4 - (-2)/1. List the prime factors of 449 - (3 + h/3).
5, 89
Let b = 633 - -791. Suppose b = 14*z - 3350. What are the prime factors of z?
11, 31
List the prime factors of -5*(1 + 1 + -2965 + 14).
3, 5, 983
Let c(i) = -3*i**3 + 2*i**2 - 5*i + 4. Let w be c(3). Let k be (-64)/(-16) - (-39)/(-1). Let p = k - w. What are the prime factors of p?
3, 13
Suppose 0 = -5*h + 277 + 283. Suppose -5*m - c + 9 = -10*m, 17 = 3*m + 5*c. List the prime factors of (-1)/((h/(-110) - -2) + m).
5, 11
Suppose -18*w - 72 = -21*w. Suppose -h = -w - 100. Let k = h - 38. List the prime factors of k.
2, 43
Suppose 0 = 4*m - 1348 - 6912. Suppose 2*y = 5*r + m, 2*r + 943 = 2*y - 1113. List the prime factors of y.
5, 41
Let h(c) = c**2 + 10*c - 117. Let m be h(-17). Suppose 0 = -n - 2*n - 4*y + 255, m*n - 4*y - 190 = 0. List the prime factors of n.
89
Let b(a) = -a**2 - 11*a - 20. Let j be b(-7). Let x(h) = 6*h**2 - 4*h**2 - 2707 + 2692 + j*h. What are the prime factors of x(5)?
3, 5
Suppose -2*g - 33 = 4*v + 19, -2*g - 5*v = 48. Let i = 4190 + -4178. Let n = i - g. List the prime factors of n.
2, 23
Suppose -57 + 1 = 14*c. What are the prime factors of (-90)/(-36) + (-3426)/c?
859
Suppose -1481*o + 3939 = -1468*o. What are the prime factors of o?
3, 101
Let y = -16189 - -11533. List the prime factors of (-51)/(-357) - (y/14)/3.
3, 37
Let a be 5/(-20) + 2900/16. Suppose -3*z = -w + 719, 3*z + a = -w + 918. Suppose 0 = -4*f + 3*m + w, 0 = f + f - 5*m - 378. List the prime factors of f.
179
Let q(m) = 4*m**2 - m - 37. Let f be q(-10). Suppose -g = -f + 70. What are the prime factors of g?
3, 101
Let w(b) = -55*b**3 - b**2 - 3*b - 3. Let s be w(-1). Let o = -52 + s. Suppose 3*z + r + 43 = 4*z, 0 = o*r - 4. List the prime factors of z.
3, 5
Let k be 2/(-2)*(-536)/4. Suppose -5*h - 265 = -4*i, k = i + i - 2*h. Suppose 5*u = 255 - i. List the prime factors of u.
37
Let p be (6/27 - 28/(-36)) + -11. Let a be (-2 - 25/p)*190. Let y = a - 82. What are the prime factors of y?
13
Let l = -27217 + 33153. List the prime factors of l.
2, 7, 53
What are the prime factors of 62/1364 + 2765526/132?
7, 41, 73
Suppose -3*p = 3*r - 27, 2*p - 4*p - r = -13. Let y be -1 - ((p - 8) + 1). Suppose 4*v + 236 = y*j - 174, -5*v - 618 = -3*j. List the prime factors of j.
211
Let a = 8390 + -6372. What are the prime factors of a?
2, 1009
Let x = -63 - -24. Let r = -31 - x. What are the prime factors of (r/(-14))/(((-100)/(-35))/(-10))?
2
Let l(g) = 12*g**3 - 11*g**3 - 16*g - 5*g**2 + 2 + 19*g. Suppose 3*d - 9 = -d + 5*p, -3*p = -4*d + 15. List the prime factors of l(d).
2, 7
Let l = -868 - -2081. Let n = -618 + l. List the prime factors of n.
5, 7, 17
Let x(p) = p**3 + 28*p**2 - 50*p - 34. Let g be x(-29). Suppose h - 5*z = g, -888 + 329 = -h - 3*z. What are the prime factors of h?
5, 113
Let o = 507 + -469. Suppose o*a = -6*a + 70444. List the prime factors of a.
1601
Let w = -5116 - -3028. Let i = -1449 - w. List the prime factors of i.
3, 71
List the prime factors of 302/(-1057)*1/(-2) + 39912/14.
2851
Let j(y) = 15*y**2 + 22*y - 146. What are the prime factors of j(-18)?
2, 17, 127
Let h be ((-6)/3 + 14)/3. Suppose n - 777 = -g, h*n + 698 = g - 104. List the prime factors of g.
2, 17, 23
What are the prime factors of (-166787)/(-17) - 11/((-33)/(-18))?
5, 37, 53
Let i(h) = -h**3 - 14*h**2 - 27*h + 9. Let g be i(-12). Let n = g + -45. Let k(d) = d**2 - d + 179. List the prime factors of k(n).
179
Suppose -p + 7*p - 12 = 0. Suppose -336 = -p*z + 434. List the prime factors of z.
5, 7, 11
Let z = -36242 - -61321. List the prime factors of z.
31, 809
Suppose a + a = -3*o + 12, 0 = 3*a + 5*o - 17. Suppose 4*b + 4*w - 1919 = a*w, 949 = 2*b + w. List the prime factors of b.
2, 7, 17
Suppose 0 = 9*t + 50 - 5. Let x be (t/10)/(3/(-30)). Suppose -3*q - 4*v = -v - 108, -3*q + x*v + 84 = 0. List the prime factors of q.
3, 11
Let h = 488 - 567. Suppose -2*c - 2*y + 316 = 0, -y = -c + 6*c - 774. Let a = c + h. What are the prime factors of a?
3, 5
Suppose 0 = -h + 243 + 241. Let w = 768 - h. List the prime factors of w.
2, 71
Suppose -44 = 6*k - 1814. Suppose 4*x - k - 585 = 0. List the prime factors of x.
2, 5, 11
Suppose 36 + 62 = 7*n. Let l be (-12)/30 - (n/5)/(-2). What are the prime factors of ((-615)/(-45))/(l/6)?
2, 41
Let n(k) = -1430*k + 2662. What are the prime factors of n(-16)?
2, 3, 11, 43
Suppose 0 = 4*p + n - 59, 3*p - p + 2*n - 34 = 0. Let r(t) = 97*t - 246. What are the prime factors of r(p)?
2, 139
Let b = -375 + 525. Suppose b*g = 156*g - 2904. List the prime factors of g.
2, 11
Suppose 0 = -365*z + 505*z - 4274760. List the prime factors of z.
2, 3, 7, 727
Let b = 4553 + -2870. Suppose 3*g + 4*u + 665 = b, g + 4*u = 350. What are the prime factors of g?
2, 167
Suppose -1017 = -h + 7845. Suppose -546*b - h = -552*b. List the prime factors of b.
7, 211
List the prime factors of (-970134)/(-44)*(-2)/(-3).
14699
Let j(u) = 0 - 11*u + 6 - 7 + 18*u**2 - u**3. Let x(i) = i**3 - 5*i**2 + 16*i - 13. Let z be x(3). List the prime factors of j(z).
101
Let r(h) be the third derivative of 49*h**5/30 + 7*h**4/24 - 3*h**3/2 + 6*h**2 - 10. What are the prime factors of r(2)?
397
Let y be (-16 - -16)/(0 + 4). Let o be 3 + y/(-5) - 7. What are the prime factors of ((-2)/o)/((-8)/(-1328))?
83
Suppose -3*n = -2 - 7. Suppose -u + 2*y - 2 = 0, -2*u - n*u = 4*y - 46. Suppose -1784 = -u*k - 578. List the prime factors of k.
3, 67
Suppose 23*z - 398 - 191242 - 142964 = 0. What are the prime factors of z?
2, 3637
Let g(l) = -21*l - 271. Let k be g(-13). Suppose 0 = 5*y + q - 9372, -3*q + k*q = -3*y + 5628. List the prime factors of y.
3, 5
Let j be 6/8 + ((-16170)/40)/7. List the prime factors of (-93*j/9 + 0)/1.
19, 31
Suppose 3*d + 244 = -j - 103, 3*j + 456 = -4*d. List the prime factors of -5 - (4 + -3 + d).
3, 37
Let i(k) = -k**2 - 3*k + 12. Suppose -3*q + 2*q - 5*j = -5, 5*q - 3*j + 31 = 0. Let y be i(q). Let t = y - -21. List the prime factors of t.
23
Let s(j) be the third derivative of -j**6/120 - 19*j**5/60 + j**4/4 - 11*j**3/3 + 45*j**2. List the prime factors of s(-20).
2, 3, 43
Let g = 8854 - -14349. What are the prime factors of g?
23203
Let q(d) = d**3 + 3*d**2 + d + 3. Let g be q(-3). Suppose 8*i + 32 - 448 = g. Let y = -35 + i. What are the prime factors of y?
17
Suppose 0 = d - 5*l - 45391, 2*d = 68*l - 71*l + 90769. What are the prime factors of d?
2, 11, 2063
Suppose 13*h - 30 = -2*h. Suppose 0 = -h*r - 3 + 1, 5*l - 1301 = -4*r. What are the prime factors of l?
3, 29
Let k(i) = -i**3 - 13*i**2 - 20*i. Let l be k(-12). Suppose l*h - 113*h + 3672 = 0. List the prime factors of h.
2, 3
Let c be (-10)/(-9) - 60/540. What are the prime factors of c/(-2) + 15810/12?
3, 439
Let j(g) = g**3 + 36*g**2 + 51*g + 83. Let r be j(-35). Let p = 843 + r. List the prime factors of p.
2, 3, 61
Let o(l) = -45*l + 1240. Let w be o(26). Suppose 0*d - 320 = -5*d. Let f = w - d. What are the prime factors of f?
2, 3
Let b be 0*(2/(-2) + 2). Suppose -3*q + 4*w + 1328 = -b*w, 2*q = -3*w + 908. What are the prime factors of q?
2, 7
Let z(k) = -k**3 - 22*k**2 - 20*k + 27. Let w be z(-21). Suppose w*p = 8*p - 574. What are the prime factors of p?
7, 41
Suppose -2*t - l = -7169, 5*t - 11*l - 17961 = -8*l. List the prime factors of t.
2, 3, 13, 23
Let j(s) = -38*s + 418. Let v be j(11). Let h(t) be the first derivati